- 7).
-10
What is the value of (2 - -8) + 0 + 0 + -24?
-14
Calculate (11 + -8 - -1) + 2 + -18.
-12
What is the value of (13 - 1) + (390 - 393)?
9
-8 - ((-11 - -14 - (1 - 7)) + -6)
-11
(1 - (4 - 0)) + 19 + (-16 - -9)
9
What is 25 - 29 - (0 - (2 - 4) - 12)?
6
(1 - (9 - 0)) + -37 + (104 - 30)
29
Calculate -14 + (-3 - 8 - -29).
4
Calculate -27 - (-5 - (59 + -31)).
6
What is 7 + 37 + -7 + -6 - 13?
18
Evaluate -4 - -26 - (21 - 8).
9
What is 83 + -87 - (0 - 5) - 12?
-11
Evaluate -12 - -2 - ((-4 - (-8 + -5)) + -8).
-11
Evaluate 26 + -15 + -10 + 10 + 5.
16
-9 + (1 + -3 - (-12 - 9 - -17))
-7
What is the value of -17 - (13 + -15 + 7)?
-22
What is -2 + (-18 - -20 - (-2 - (-6 + 3)))?
-1
What is 16 + 14 + -17 + -4?
9
Calculate (104 - 97) + (1 + -23 - 1).
-16
What is 0 + 6 + -6 + (3 - -2) + 4?
9
Calculate -68 + 24 + 31 - (-1 - 21).
9
What is the value of (2 - (12 - 24)) + -26?
-12
-216 + 260 - (6 - -3)
35
What is the value of -3 + 13 + -22 + 9?
-3
3 - (-13 + 13) - 28
-25
What is 2 + (5 - (5 - 3))?
5
-34 - -48 - (18 + 5)
-9
Calculate (1 - (2 + 5 + -2)) + 51 + -37.
10
24 + -26 - ((-2 - 2) + 2)
0
Calculate -4 + 9 + 3 + 19 + -28.
-1
What is the value of (-48 - 18) + 55 + 19 + 1?
9
Evaluate 1 + -8 - (64 + -67).
-4
What is the value of (28 - 8) + -21 + (-2 - 0)?
-3
What is the value of -3 - 4 - (-24 + (7 - -5) - 5)?
10
Calculate 112 + -111 + (0 - -10) - -4.
15
What is -29 + 23 + -7 - (0 + -20)?
7
10 - 2 - ((4 - -1) + (-1 - 7))
11
What is (17 - (21 + -9)) + -9?
-4
Calculate -22 - (-10 - (36 + -21)).
3
Calculate (-1 - -16) + -3 + 2 - (-3167 + 3170).
11
Calculate (-3 - -75 - 80) + 0 + -7 + 2.
-13
Calculate (0 - (-13 + -1)) + -14.
0
What is the value of 21 + -15 + -16 + 6?
-4
Calculate (4 - -1) + (-8 - (-9 - 0)) - -4.
10
Evaluate 12 + (0 - 8 - -7) - (-4 + -3).
18
What is 24 + (23 - 32) + (3 - 4) + -2?
12
Evaluate 1 + 21 + -774 + 743.
-9
What is the value of -17 - (26 - (-12 - -35))?
-20
Calculate 11 - (38 + -14 - 3).
-10
What is -8 + 4 + 7 + 5?
8
What is the value of 17 - (10 + (0 - 6))?
13
Calculate (10 - (-1 + -12 + (85 - 88))) + 3.
29
-24 - (-1 + (-27 - -13))
-9
Calculate -5 + (27 - 26) + -3.
-7
What is -1 + 1 + 3 + -8 + 2 - 5?
-8
Evaluate -25 + (27 - 24) + 1 + 8.
-13
Calculate -23 + -13 + 3 + 12 - -1.
-20
What is the value of -10 + 5 - -3 - -14?
12
Calculate -17 + (9 - 14 - -24).
2
What is the value of (4 - 13) + 5 + (-19 - -6) + 0?
-17
Evaluate 14 + 27 + (-7 - (-16 + 21)).
29
Calculate 7 + (-12 - 1) + 12 + 0.
6
Evaluate (3 + -12 - (-10 + -9)) + 2.
12
What is -24 + 28 + 5 + (-3 + 10 - 5)?
11
Evaluate (-36 - (4 - -4)) + 16.
-28
What is 13 + (15 - -13) - 28?
13
What is 1 - (-6 - (7 + -9) - -17)?
-12
What is the value of 15 + 17 + -14 + 19 + -16?
21
What is -8 - -1 - (-29 - (-69 + 43))?
-4
Calculate -2 + 1 + (1 + (1 - -1) - 0).
2
What is -24 - (-30 + -6 + 20)?
-8
Calculate -244 + 231 + (-1 - -24).
10
Calculate 9 + (-25 - -18 - 10).
-8
Evaluate -2 + 2 + -6 + (-2 - -22).
14
What is -12 + 32 + -11 - (-8 - -17)?
0
What is -1 - ((12 - (-9 - -16)) + 7)?
-13
What is -1 + (1 - (1 - -1)) + -30 + 46?
14
(1 - 5) + 24 + -12 + -8
0
What is the value of (-126 - -89) + 31 + 0?
-6
Calculate (3 - (2 + -6)) + -6 + 4 - 17.
-12
Evaluate (-6 - (4 + -1)) + 7 - 1 - 6.
-9
What is the value of 8 + -8 + -9 - (-2 - 1) - 9?
-15
What is 12 + -18 + -10 - -6?
-10
Evaluate -6 + 18 - (-3 + 28).
-13
10 + (-13 - -1) + -11
-13
What is 8 + (-15 + 9 - 3) - -22?
21
Calculate (1 - 1) + (-6 - -16 - (1 - -5)).
4
What is the value of 61 + -20 - 37 - (0 + 16)?
-12
6 - (-13 + -3 + 12 - (-5 - -14))
19
Evaluate (-3 - -17 - 3) + (-13 - -13) + -1.
10
Evaluate -4 - (27 + (-56 - -21)).
4
-3 - (-4 - 1 - -5 - (6 + -11))
-8
Calculate (-10 - -27 - (7 + -1)) + -1.
10
What is (-137 - -126) + (7 - 0)?
-4
What is the value of 19 + -19 + (-9 - -2) + 5 + 2?
0
(4 - (5 - -1 - 5 - -7)) + -7
-11
Evaluate (249 - 243) + (0 - 1).
5
What is -7 + 2 + 17 + (-45 - -20) + 4?
-9
What is (-38 - 9 - -43) + (-3 - (1 + -1))?
-7
Evaluate -11 + (3 + -13 + -1 - -9).
-13
What is 3 + -2 + 115 + -108?
8
27 + -2 + 10 + -12 + (10 - 15)
18
What is the value of 2 - (13 - 23 - -23)?
-11
Evaluate (-27 - -23) + (37 + 2 - (3 - -1)).
31
Calculate (-50 - -53) + (-2 - 3).
-2
Calculate 8 + (-1 - -9 - 12) - 0.
4
Evaluate 9 + -12 + 0 - (-4 - -8).
-7
What is -1 + 7 + 16 + -6 + 1 + -6?
11
Calculate (33 - (-12 - -24)) + -50.
-29
1658 + -1676 + -6 + 0
-24
What is 5 + (-2 - 5) - (8 - 17)?
7
(-8 - -21) + (3 + 3 - 26)
-7
Calculate (4 - 5) + (-8 - -11) + 12.
14
What is the value of -7 + 3 + 6 + 7 + 13?
22
Evaluate -3 + -2 + 14 + -13.
-4
What is -7 + (0 - (9 + -5 + -2))?
-9
What is the value of 24 + (-18 - -3) + 7 + -2?
14
What is the value of (9 - (-8 + 9) - (3 - 2)) + -32?
-25
Evaluate 21 + 3 + -6 - 7.
11
What is 229 + -198 + (1 - 2)?
30
Evaluate (-1 - (-2 - 30)) + (22 - (-4 + 35)).
22
What is the value of (-15 - -12) + -9 + 16 + -6?
-2
17 + -11 + 10 - 2
14
What is the value of -24 + (-4 - (-13 - -1) - (2 - -1))?
-19
Calculate 39 + -13 - (41 - 9).
-6
37 - 23 - -12 - (6 + 2 + -4)
22
What is -8 - 0 - (13 + (12 - 5) + -14)?
-14
What is the value of -16 - (-13 - -21) - (0 - (-3 - -11))?
-16
Evaluate (-5 - (8 + -6) - -15) + -9.
-1
14 - 22 - (18 - (-15 - -28))
-13
13 + -17 + (-7 - -15) + 2
6
What is -4 + (-1 - -12) + -12?
-5
Evaluate 315 + -336 - (2 + -12).
-11
18 + (14 + -25 - 28)
-21
0 + (9 + 11 - 8) + -18
-6
What is the value of (7 - (5 + (2 - 10 - -7))) + -19?
-16
What is -3 + 0 + (-25 - (-54 - 5))?
31
What is -5 - 3 - (3 - (-3 + 7)) - -4?
-3
-10 - (1 + (-3 - (3 - 2))) - -2
-5
0 + -4 + 32 + -17 + (6 - -6)
23
Calculate (15 - 5) + -1 + 6 - (-2 + 7).
10
What is 11 - (13 + -1) - 6?
-7
Evaluate 54 + 1 - (-19 - (-2 + -36)).
36
What is the value of 44 + 0 + (-22 - (19 - 26 - 6))?
35
-124 - (109 + -231) - (-1 - (1 - 10))
-10
(-9 - -7) + -2 - (2 - (0 + 1))
-5
What is 50 + -49 + (1 - -3) + -7?
-2
Evaluate -4 + 4 + -5 - (-3 + 7).
-9
-60 + 144 - (12 - -36)
36
Evaluate -32 - -28 - (-7 + 2 + -3).
4
Calculate -5 - (1 + 0) - (21 + -28 - -16).
-15
Evaluate 7 + -18 + 9 + -1 + -9.
-12
What is the value of -2 + -1 + 2 + 6 + (3 - 12)?
-4
-11 - -2 - 12 - -11
-10
What is 26 + -12 - 24 - 2 - 1?
-13
Evaluate -2 - (5 - (-8 + (5 - -6))).
-4
Evaluate 3 + 11 + -6 + -7.
1
(7 - (4 + (-7 - -5))) + 0
5
What is (49 - (19 + 0)) + -21?
9
What is the value of -7 + 13 - -3 - 18 - -15?
6
What is the value of -8 + -2 + -2 - (1 - (4 + 1))?
-8
What is (-10 - -19) + (-2 - (-6 - -4) - 2)?
7
Calculate (0 - (7 + (-18 - (-1 - 4)))) + -2.
4
Calculate -31 - (-45 - -23) - (-23 - -1).
13
Evaluate 14 - 1 - (53 - (19 + 28)).
7
Calculate 0 + 0 - (-7 + (-9 - -5) + 4).
7
Evaluate (-10 - 0) + (19 - 13) + 14.
10
-3 - 7 - (-49 + 43)
-4
What is the value of (43 - 40) + (-32 - -6)?
-23
What is -4 + (2 - 1) + -37 + (-5 - -20)?
-25
Evaluate 8 + -3 + -5 - (-4 - 0) - 9.
-5
-6 - -3 - (-1 + (12 - 6)) - -24
16
Evaluate 2 + 0 + -11 + (-58 - -60) + -12.
-19
(-15 + 13 - 15) + 11 + (0 - 20)
-26
What is the value of 16 + (-18 - -9) - (11 - 1)?
-3
Calculate (-3 - (3 - 5 - 9)) + (-11 - -7).
4
What is (19 - 29) + 2 - 3?
-11
Evaluate 0 + -1 - (28 + -30) - -14.
15
Evaluate 0 - 4 - ((144 - 125) + (3 - 6)).
-20
Evaluate 3 + 9 + -4 + -2 + 11.
17
Calculate -8 + (9 + -15 - (1 + -8) - 1).
-8
What is 15 + (3 - 9) + (-19 - 5)?
-15
What is the value of 4 + 10 - (0 - 3) - 12?
5
Evaluate (11 - (29 + -9 + -9)) + (-2 - -1).
-1
Calculate 21 + -2 + 6 + -35.
-10
What is 4 + -7 + -3 + 13 + -3?
4
Evaluate (-3 - 5) + -11 - -19.
0
(0 - 4 - -10) + (23 - 44 - -36)
21
What is (-16 + 24 - 15) + 9 + 4?
6
8 + (-6 - -7 - 9) + 1
1
-6 + (-4 + 12 - (-1 + (-4 - -6)))
1
What is the value of -7 - ((-2 - 14) + 15)?
-6
Evaluate -27 - (-4 + (6 - (2 - -7))).
-20
Evaluate (-10 - (-1 + -26)) + 7.
24
Evaluate -17 + (25 - 2) - 11.
-5
Calculate (-1 - 41) + (6 - 7) + (-13 - -19).
-37
Calculate (-2 + (-2 - -4) - (121 + -126)) + 8.
13
2 + 22 + -32 + -7
-15
Calculate (0 - -4 - (-8 + 9)) + -2 - 1.
0
Evaluate -28 - (-17 + 10 - 24).
3
What is -5 - -5 - (7 - 6) - 7 - -42?
34
9 + (12 - 0) + -33
-12
What is the value of 23 + (29 - (40 + 15))?
-3
What is -1 + (-10 - 3) - (-20 + 1)?
5
What is (-11 + 18 - -2) + 2?
11
-6 - -7 - (-24 - -16)
9
Calculate 17 + (8 - 23) + -2 + -4 + 4.
0
-13 + (-2 + 8 - -1 - 9)
-15
Evaluate 2 + 6 - ((2 - -8) + -12).
10
Calculate 0 + -2 + (4 - -4) + -1 + -4.
1
What is -14